s of 7623899.
7623899
What are the prime factors of 7004731?
17, 631, 653
What are the prime factors of 10620067?
10620067
What are the prime factors of 45768?
2, 3, 1907
List the prime factors of 251334.
2, 3, 13963
What are the prime factors of 163971?
3, 6073
What are the prime factors of 3714617?
3714617
List the prime factors of 20251120.
2, 5, 163, 1553
What are the prime factors of 1242047?
479, 2593
List the prime factors of 540369.
3, 60041
List the prime factors of 2838560.
2, 5, 113, 157
What are the prime factors of 575654?
2, 17, 16931
List the prime factors of 169413.
3, 149, 379
What are the prime factors of 331648?
2, 2591
List the prime factors of 2352289.
2352289
What are the prime factors of 27428809?
29, 599, 1579
List the prime factors of 327541.
19, 17239
What are the prime factors of 413326?
2, 19, 73, 149
What are the prime factors of 878479?
7, 125497
What are the prime factors of 16842857?
1523, 11059
List the prime factors of 2028456.
2, 3, 9391
What are the prime factors of 199428?
2, 3, 16619
What are the prime factors of 2852866?
2, 251, 5683
List the prime factors of 11642869.
7, 1663267
What are the prime factors of 2433685?
5, 233, 2089
What are the prime factors of 607298?
2, 303649
What are the prime factors of 882353?
31, 28463
List the prime factors of 122798.
2, 13, 4723
What are the prime factors of 106597?
37, 43, 67
What are the prime factors of 886033?
113, 7841
What are the prime factors of 49592?
2, 6199
What are the prime factors of 4381959?
3, 1460653
List the prime factors of 12939717.
3, 7, 109, 5653
List the prime factors of 241555.
5, 48311
List the prime factors of 4868488.
2, 31, 67, 293
What are the prime factors of 1547222?
2, 773611
List the prime factors of 182137.
23, 7919
List the prime factors of 399354.
2, 3, 101, 659
List the prime factors of 22679115.
3, 5, 1511941
What are the prime factors of 730722?
2, 3, 121787
What are the prime factors of 658743?
3, 23, 9547
List the prime factors of 37337710.
2, 5, 3733771
List the prime factors of 820533.
3, 7, 41, 953
What are the prime factors of 892420?
2, 5, 44621
List the prime factors of 1126096.
2, 70381
What are the prime factors of 119924?
2, 7, 4283
What are the prime factors of 9689574?
2, 3, 1614929
What are the prime factors of 1059190?
2, 5, 11, 9629
List the prime factors of 1994521.
1994521
List the prime factors of 2984311.
11, 19, 109, 131
List the prime factors of 1126894.
2, 563447
What are the prime factors of 6604654?
2, 7, 283, 1667
List the prime factors of 7031691.
3, 19, 1523
What are the prime factors of 7470415?
5, 47, 83, 383
List the prime factors of 629422.
2, 314711
List the prime factors of 450505.
5, 11, 8191
List the prime factors of 17350.
2, 5, 347
What are the prime factors of 329128?
2, 41141
What are the prime factors of 75842?
2, 13, 2917
What are the prime factors of 393172?
2, 13, 7561
What are the prime factors of 18944?
2, 37
List the prime factors of 1570057.
31, 50647
List the prime factors of 600211.
157, 3823
List the prime factors of 917595.
3, 5, 7, 971
What are the prime factors of 3756615?
3, 5, 250441
What are the prime factors of 3201199?
3201199
What are the prime factors of 213886?
2, 229, 467
List the prime factors of 17791057.
17791057
What are the prime factors of 572197?
79, 7243
What are the prime factors of 3276982?
2, 107, 15313
List the prime factors of 26326845.
3, 5, 585041
What are the prime factors of 2473284?
2, 3, 11, 41, 457
List the prime factors of 474183.
3, 19, 47, 59
What are the prime factors of 11548358?
2, 5774179
What are the prime factors of 141800?
2, 5, 709
List the prime factors of 5949338.
2, 2974669
What are the prime factors of 23596523?
1409, 16747
List the prime factors of 14445.
3, 5, 107
What are the prime factors of 2259865?
5, 23, 43, 457
List the prime factors of 790928.
2, 49433
What are the prime factors of 30910907?
1759, 17573
What are the prime factors of 173771?
13, 13367
What are the prime factors of 2434075?
5, 7, 1987
What are the prime factors of 6428210?
2, 5, 17, 37813
What are the prime factors of 2261744?
2, 141359
List the prime factors of 7600861.
7600861
List the prime factors of 11404089.
3, 1267121
What are the prime factors of 201113?
11, 47, 389
What are the prime factors of 3520939?
3520939
List the prime factors of 2715621.
3, 905207
What are the prime factors of 6303847?
11, 263, 2179
List the prime factors of 384350.
2, 5, 7687
List the prime factors of 2369436.
2, 3, 197453
List the prime factors of 9285521.
7, 1326503
List the prime factors of 7362014.
2, 11, 334637
What are the prime factors of 49702?
2, 24851
What are the prime factors of 3788561?
7, 373, 1451
What are the prime factors of 442845?
3, 5, 13, 757
What are the prime factors of 252055?
5, 50411
List the prime factors of 2026325.
5, 7, 11579
List the prime factors of 749258.
2, 17, 22037
List the prime factors of 4905345.
3, 5, 327023
List the prime factors of 829651.
17, 37, 1319
List the prime factors of 3627562.
2, 17, 106693
List the prime factors of 30373217.
7, 4339031
List the prime factors of 7699505.
5, 11, 139991
What are the prime factors of 179070?
2, 3, 5, 47, 127
What are the prime factors of 6613534?
2, 167, 19801
What are the prime factors of 15378848?
2, 113, 4253
List the prime factors of 8949500.
2, 5, 7, 2557
What are the prime factors of 331639?
7, 11, 59, 73
List the prime factors of 10686663.
3, 13, 241, 379
List the prime factors of 5853455.
5, 67, 101, 173
What are the prime factors of 398962?
2, 19, 10499
What are the prime factors of 3547930?
2, 5, 37, 43, 223
List the prime factors of 167547.
3, 55849
List the prime factors of 208073.
208073
List the prime factors of 235438.
2, 7, 67, 251
What are the prime factors of 1498250?
2, 5, 13, 461
List the prime factors of 2037972.
2, 3, 169831
What are the prime factors of 588179?
23, 107, 239
What are the prime factors of 16503754?
2, 8251877
List the prime factors of 22688581.
22688581
What are the prime factors of 39659225?
5, 373, 4253
What are the prime factors of 430054?
2, 23, 9349
What are the prime factors of 1592290?
2, 5, 7, 23, 43
What are the prime factors of 2243902?
2, 37, 30323
List the prime factors of 9397436.
2, 73, 32183
List the prime factors of 830635.
5, 13, 983
List the prime factors of 3751310.
2, 5, 31, 12101
List the prime factors of 4088610.
2, 3, 5, 19, 797
What are the prime factors of 831759?
3, 17, 47, 347
What are the prime factors of 1287748?
2, 7, 11, 37, 113
List the prime factors of 19287194.
2, 523, 18439
What are the prime factors of 206315?
5, 41263
What are the prime factors of 20224293?
3, 6741431
What are the prime factors of 3313778?
2, 13, 127453
List the prime factors of 4569325.
5, 182773
What are the prime factors of 339048?
2, 3, 17, 277
What are the prime factors of 395433?
3, 53, 829
List the prime factors of 3428552.
2, 428569
What are the prime factors of 10991442?
2, 3, 7, 11, 37, 643
List the prime factors of 14142973.
13, 19, 57259
What are the prime factors of 16106587?
7, 59, 661
List the prime factors of 5311797.
3, 293, 6043
List the prime factors of 427035.
3, 5, 7, 83
List the prime factors of 1385076.
2, 3, 7, 11, 1499
List the prime factors of 25962045.
3, 5, 263, 6581
What are the prime factors of 3947463?
3, 13, 33739
What are the prime factors of 1321404?
2, 3, 7, 15731
List the prime factors of 528391.
528391
List the prime factors of 5686091.
5686091
What are the prime factors of 118817?
131, 907
What are the prime factors of 5459073?
3, 23, 61, 1297
List the prime factors of 9074432.
2, 35447
What are the prime factors of 226688?
2, 7, 11, 23
What are the prime factors of 32316?
2, 3, 2693
List the prime factors of 1318817.
547, 2411
List the prime factors of 1231620.
2, 3, 5, 13, 1579
What are the prime factors of 450189?
3, 50021
What are the prime factors of 1818740?
2, 5, 7, 11, 1181
What are the prime factors of 368232?
2, 3, 67, 229
List the prime factors of 618614.
2, 47, 6581
List the prime factors of 1517013.
3, 73, 2309
List the prime factors of 269833.
83, 3251
List the prime factors of 65025.
3, 5, 17
What are the prime factors of 155686?
2, 17, 19, 241
What are the prime factors of 4533240?
2, 3, 5, 